{"id":69,"date":"2016-03-25T10:01:36","date_gmt":"2016-03-25T09:01:36","guid":{"rendered":"http:\/\/linetchanvrebio.org\/?page_id=69"},"modified":"2026-01-09T13:51:37","modified_gmt":"2026-01-09T12:51:37","slug":"adherer","status":"publish","type":"page","link":"https:\/\/linetchanvrebio.org\/index.php\/adherer\/","title":{"rendered":"Adh\u00e9sion"},"content":{"rendered":"\n<p>Vous souhaitez rejoindre l&rsquo;association ?<\/p>\n\n\n\n<p>Lin et Chanvre bio comporte trois coll\u00e8ges de membres :<\/p>\n\n\n\n<p>&#8211; Coll\u00e8ge <strong>Producteurs<\/strong> : ouvert aux producteurs de lin et de chanvre bio ou conventionnel<br>&#8211; Coll\u00e8ge <strong>Op\u00e9rateurs en aval de la fili\u00e8re<\/strong> : ouvert aux entreprises de la fili\u00e8re des productions de lin et de chanvre bio ou conventionnel<br>&#8211; Coll\u00e8ge<strong> Associations, OPA, Instituts, particuliers, soci\u00e9t\u00e9 civile&nbsp;<\/strong><\/p>\n\n\n\n<hr class=\"wp-block-separator has-alpha-channel-opacity\"\/>\n\n\n\n<h2 class=\"wp-block-heading\">Pour adh\u00e9rer, vous pouvez soit :  <\/h2>\n\n\n\n<ul class=\"wp-block-list\">\n<li class=\"has-medium-font-size\"><strong>  Adh\u00e9rer directement sur le site de Hello Asso en cliquant sur le lien ci-dessous<\/strong><\/li>\n<\/ul>\n\n\n\n<div class=\"wp-block-buttons is-content-justification-center is-layout-flex wp-container-core-buttons-is-layout-16018d1d wp-block-buttons-is-layout-flex\">\n<div class=\"wp-block-button\"><a class=\"wp-block-button__link wp-element-button\" href=\"https:\/\/www.helloasso.com\/associations\/lin-et-chanvre-bio\/adhesions\/formulaire-d-adhesion-2026-1\" target=\"_blank\" rel=\"noreferrer noopener\">Adh\u00e9rer \u00e0 l&rsquo;association<\/a><\/div>\n<\/div>\n\n\n\n<ul class=\"wp-block-list\">\n<li class=\"has-medium-font-size\" style=\"font-style:normal;font-weight:600\"><strong>T\u00e9l\u00e9charger le bulletin d&rsquo;adh\u00e9sion ci-dessous : <\/strong><\/li>\n<\/ul>\n\n\n\n<div data-wp-interactive=\"core\/file\" class=\"wp-block-file alignwide\"><object data-wp-bind--hidden=\"!state.hasPdfPreview\" hidden class=\"wp-block-file__embed\" data=\"https:\/\/linetchanvrebio.org\/wp-content\/uploads\/BULLETIN-ADHESION-LCBIO-2026.pdf\" type=\"application\/pdf\" style=\"width:100%;height:600px\" aria-label=\"Contenu embarqu\u00e9 BULLETIN ADHESION LCBIO 2026.\"><\/object><a id=\"wp-block-file--media-a93b163a-4d9a-4c60-b0c7-7e3e00ecb00e\" href=\"https:\/\/linetchanvrebio.org\/wp-content\/uploads\/BULLETIN-ADHESION-LCBIO-2026.pdf\">BULLETIN ADHESION LCBIO 2026<\/a><a href=\"https:\/\/linetchanvrebio.org\/wp-content\/uploads\/BULLETIN-ADHESION-LCBIO-2026.pdf\" class=\"wp-block-file__button wp-element-button\" download aria-describedby=\"wp-block-file--media-a93b163a-4d9a-4c60-b0c7-7e3e00ecb00e\">T\u00e9l\u00e9charger<\/a><\/div>\n\n\n<ul>\n<li>Retourner le bulletin d&rsquo;adh\u00e9sion avec un ch\u00e8que de r\u00e8glement \u00e0 l&rsquo;adresse : Lin &amp; Chanvre Bio, 4 rue de la mairie, 27370 Le Bec-Thomas ;<\/li>\n<li>Ou retourner le bulletin rempli par mail et effectuer un virement sur le compte dont les coordonn\u00e9es bancaires figurent sur le bulletin (merci d&rsquo;indiquer votre nom et structure comme information sur le virement)<\/li>\n<\/ul>\n\n\n<p><\/p>\n\n\n\n<p>En 2024, l\u2019Assembl\u00e9e G\u00e9n\u00e9rale a eu lieu le 10 juin \u00e0 Saint Pierre le Vigier (76).<br>Vous pouvez obtenir une copie des statuts sur simple demande. <\/p>\n","protected":false},"excerpt":{"rendered":"<p>Vous souhaitez rejoindre l&rsquo;association ? Lin et Chanvre bio comporte trois coll\u00e8ges de membres : &#8211; Coll\u00e8ge Producteurs : ouvert aux producteurs de lin et de chanvre bio ou conventionnel&#8211; Coll\u00e8ge Op\u00e9rateurs en aval de la fili\u00e8re : ouvert aux entreprises de la fili\u00e8re des productions de lin et de chanvre bio ou conventionnel&#8211; Coll\u00e8ge &hellip; <a href=\"https:\/\/linetchanvrebio.org\/index.php\/adherer\/\" class=\"more-link\">Continuer la lecture de <span class=\"screen-reader-text\">Adh\u00e9sion<\/span> <span class=\"meta-nav\">&rarr;<\/span><\/a><\/p>\n","protected":false},"author":31,"featured_media":0,"parent":0,"menu_order":0,"comment_status":"closed","ping_status":"closed","template":"","meta":{"footnotes":""},"class_list":["post-69","page","type-page","status-publish","hentry"],"_links":{"self":[{"href":"https:\/\/linetchanvrebio.org\/index.php\/wp-json\/wp\/v2\/pages\/69","targetHints":{"allow":["GET"]}}],"collection":[{"href":"https:\/\/linetchanvrebio.org\/index.php\/wp-json\/wp\/v2\/pages"}],"about":[{"href":"https:\/\/linetchanvrebio.org\/index.php\/wp-json\/wp\/v2\/types\/page"}],"author":[{"embeddable":true,"href":"https:\/\/linetchanvrebio.org\/index.php\/wp-json\/wp\/v2\/users\/31"}],"replies":[{"embeddable":true,"href":"https:\/\/linetchanvrebio.org\/index.php\/wp-json\/wp\/v2\/comments?post=69"}],"version-history":[{"count":60,"href":"https:\/\/linetchanvrebio.org\/index.php\/wp-json\/wp\/v2\/pages\/69\/revisions"}],"predecessor-version":[{"id":68991,"href":"https:\/\/linetchanvrebio.org\/index.php\/wp-json\/wp\/v2\/pages\/69\/revisions\/68991"}],"wp:attachment":[{"href":"https:\/\/linetchanvrebio.org\/index.php\/wp-json\/wp\/v2\/media?parent=69"}],"curies":[{"name":"wp","href":"https:\/\/api.w.org\/{rel}","templated":true}]}}