{"id":68766,"date":"2025-01-30T12:45:51","date_gmt":"2025-01-30T11:45:51","guid":{"rendered":"https:\/\/linetchanvrebio.org\/?page_id=68766"},"modified":"2026-03-05T15:57:49","modified_gmt":"2026-03-05T14:57:49","slug":"rencontres-2025","status":"publish","type":"page","link":"https:\/\/linetchanvrebio.org\/index.php\/rencontres-2025\/","title":{"rendered":"Rencontres 2025"},"content":{"rendered":"\n<p class=\"has-text-align-center has-light-brown-color has-text-color has-background has-link-color wp-elements-3332507fe186d678c499e65505a3f8b3\" style=\"background-color:#4a6e3c\"><a href=\"https:\/\/linetchanvrebio.org\/\">L\u2019association Lin et Chanvre Bio<\/a> organise ses <strong>11e Rencontres Interprofessionnelles des fili\u00e8res textiles lin bio et chanvre le jeudi 19 juin 2025 <\/strong>sur la Ferme de Montechor qui cultive du lin et du chanvre en agriculture biologique \u00e0 Montcavrel (62) pr\u00e8s du Touquet.<\/p>\n\n\n<div class=\"wp-block-image\">\n<figure class=\"aligncenter size-large\"><img loading=\"lazy\" decoding=\"async\" width=\"1024\" height=\"576\" src=\"https:\/\/linetchanvrebio.org\/wp-content\/uploads\/Vignette-translation-English-1024x576.jpg\" alt=\"\" class=\"wp-image-68806\" srcset=\"https:\/\/linetchanvrebio.org\/wp-content\/uploads\/Vignette-translation-English-1024x576.jpg 1024w, https:\/\/linetchanvrebio.org\/wp-content\/uploads\/Vignette-translation-English-300x169.jpg 300w, https:\/\/linetchanvrebio.org\/wp-content\/uploads\/Vignette-translation-English-150x84.jpg 150w, https:\/\/linetchanvrebio.org\/wp-content\/uploads\/Vignette-translation-English-768x432.jpg 768w, https:\/\/linetchanvrebio.org\/wp-content\/uploads\/Vignette-translation-English.jpg 1280w\" sizes=\"auto, (max-width: 1024px) 100vw, 1024px\" \/><\/figure><\/div>\n\n\n<p>Nous rassemblons toute la fili\u00e8re : des agriculteurs aux marques, en passant par les industriels textiles (teilleurs, filateurs, ennoblisseurs, tricoteurs, tisseurs\u2026). L\u2019objectif de la journ\u00e9e est de <strong>faire d\u00e9couvrir les enjeux de ces fili\u00e8res<\/strong>, les d\u00e9velopper en permettant les <strong>\u00e9changes<\/strong> entre tous les maillons de la cha\u00eene de valeur, de <strong>partager les connaissances et les innovations<\/strong> et de souligner la <strong>dynamique <\/strong>\u00e0 l\u2019\u0153uvre en France et en Europe.&nbsp;<\/p>\n\n\n\n<p class=\"has-text-align-center has-light-brown-background-color has-background\">Des replay des tables-rondes des \u00e9ditions pr\u00e9c\u00e9dentes sont disponibles sur <a href=\"https:\/\/www.youtube.com\/channel\/UCbn13Apyi_ly-2Gt-sSqeSA\">notre cha\u00eene Youtube<\/a>.<\/p>\n\n\n\n<figure class=\"wp-block-image size-large\"><img loading=\"lazy\" decoding=\"async\" width=\"724\" height=\"1024\" src=\"https:\/\/linetchanvrebio.org\/wp-content\/uploads\/Rencontres-LCBio-Programme-25-1-724x1024.jpg\" alt=\"\" class=\"wp-image-68902\" srcset=\"https:\/\/linetchanvrebio.org\/wp-content\/uploads\/Rencontres-LCBio-Programme-25-1-724x1024.jpg 724w, https:\/\/linetchanvrebio.org\/wp-content\/uploads\/Rencontres-LCBio-Programme-25-1-212x300.jpg 212w, https:\/\/linetchanvrebio.org\/wp-content\/uploads\/Rencontres-LCBio-Programme-25-1-106x150.jpg 106w, https:\/\/linetchanvrebio.org\/wp-content\/uploads\/Rencontres-LCBio-Programme-25-1-768x1087.jpg 768w, https:\/\/linetchanvrebio.org\/wp-content\/uploads\/Rencontres-LCBio-Programme-25-1-1085x1536.jpg 1085w, https:\/\/linetchanvrebio.org\/wp-content\/uploads\/Rencontres-LCBio-Programme-25-1.jpg 1240w\" sizes=\"auto, (max-width: 724px) 100vw, 724px\" \/><\/figure>\n\n\n\n<p><strong><em>En 2025 au programme :\u00a0<\/em><\/strong><\/p>\n\n\n\n<ul class=\"wp-block-list\">\n<li><strong>Monde agricole et industrie textile en crise : quelles solutions ? <\/strong>Intervention de Julia FAURE (Mouvement Impact France, Loom)&nbsp;<\/li>\n\n\n\n<li><strong>Quelles actualit\u00e9s pour les march\u00e9s lin et chanvre textiles ? <\/strong>Avec Olivier GUILLAUME, Libeco.&nbsp;<\/li>\n\n\n\n<li>Les <strong>derniers r\u00e9sultats des essais chanvre<\/strong> LCBio &amp; La Lini\u00e8re du Nord de Caen, avec Nathalie REVOL (LCBio) et Franck DUROCHER (LCBio, LNC)<\/li>\n\n\n\n<li><strong>Avanc\u00e9es de la fili\u00e8re chanvre textile par le programme HEMP4CIRCULARITY <\/strong>(avanc\u00e9es technique aux champs, sur la faucheuse, en filature, en tissage et anoblissement, perspectives du march\u00e9\u2026) : Valentine DONCK de Valbiom, Sophie WAEGEBAERT d&rsquo;Inagro, Mehdi KHENNACHE de Safilin, Olivier GUILLAUME de Libeco et Julie Pariset pour Alliance for European Flax-Linen and Hemp.&nbsp;<\/li>\n\n\n\n<li><strong>Impact des nouvelles certifications environnementales et valorisation des fibres naturelles <\/strong>avec Delphine DROZ de La Belle Empreinte<\/li>\n<\/ul>\n\n\n\n<p>L\u2019apr\u00e8s-midi, diff\u00e9rents ateliers et visites :<\/p>\n\n\n\n<ul class=\"wp-block-list\">\n<li><strong>une commission filasse lin bio et chanvre FL avec 3 experts<\/strong><\/li>\n\n\n\n<li>Showroom de marques et industriels<\/li>\n\n\n\n<li><strong>Visite de parcelles<\/strong> bio de lin&nbsp;et de chanvre sur place avec t\u00e9moignages techniques d&rsquo;agriculteurs<\/li>\n\n\n\n<li><strong>Visite du teillage d&rsquo;OPALIN<\/strong> <\/li>\n<\/ul>\n\n\n\n<p><\/p>\n\n\n\n<p><\/p>\n\n\n\n<p><\/p>\n\n\n\n<figure class=\"wp-block-image size-large\"><img loading=\"lazy\" decoding=\"async\" width=\"1024\" height=\"683\" src=\"https:\/\/linetchanvrebio.org\/wp-content\/uploads\/LCBIO-5-1024x683.jpg\" alt=\"\" class=\"wp-image-68767\" srcset=\"https:\/\/linetchanvrebio.org\/wp-content\/uploads\/LCBIO-5-1024x683.jpg 1024w, https:\/\/linetchanvrebio.org\/wp-content\/uploads\/LCBIO-5-300x200.jpg 300w, https:\/\/linetchanvrebio.org\/wp-content\/uploads\/LCBIO-5-150x100.jpg 150w, https:\/\/linetchanvrebio.org\/wp-content\/uploads\/LCBIO-5-768x512.jpg 768w, https:\/\/linetchanvrebio.org\/wp-content\/uploads\/LCBIO-5-1536x1024.jpg 1536w, https:\/\/linetchanvrebio.org\/wp-content\/uploads\/LCBIO-5-2048x1365.jpg 2048w\" sizes=\"auto, (max-width: 1024px) 100vw, 1024px\" \/><\/figure>\n","protected":false},"excerpt":{"rendered":"<p>L\u2019association Lin et Chanvre Bio organise ses 11e Rencontres Interprofessionnelles des fili\u00e8res textiles lin bio et chanvre le jeudi 19 juin 2025 sur la Ferme de Montechor qui cultive du lin et du chanvre en agriculture biologique \u00e0 Montcavrel (62) pr\u00e8s du Touquet. Nous rassemblons toute la fili\u00e8re : des agriculteurs aux marques, en passant &hellip; <a href=\"https:\/\/linetchanvrebio.org\/index.php\/rencontres-2025\/\" class=\"more-link\">Continuer la lecture de <span class=\"screen-reader-text\">Rencontres 2025<\/span> <span class=\"meta-nav\">&rarr;<\/span><\/a><\/p>\n","protected":false},"author":31,"featured_media":0,"parent":0,"menu_order":0,"comment_status":"closed","ping_status":"closed","template":"","meta":{"footnotes":""},"class_list":["post-68766","page","type-page","status-publish","hentry"],"_links":{"self":[{"href":"https:\/\/linetchanvrebio.org\/index.php\/wp-json\/wp\/v2\/pages\/68766","targetHints":{"allow":["GET"]}}],"collection":[{"href":"https:\/\/linetchanvrebio.org\/index.php\/wp-json\/wp\/v2\/pages"}],"about":[{"href":"https:\/\/linetchanvrebio.org\/index.php\/wp-json\/wp\/v2\/types\/page"}],"author":[{"embeddable":true,"href":"https:\/\/linetchanvrebio.org\/index.php\/wp-json\/wp\/v2\/users\/31"}],"replies":[{"embeddable":true,"href":"https:\/\/linetchanvrebio.org\/index.php\/wp-json\/wp\/v2\/comments?post=68766"}],"version-history":[{"count":15,"href":"https:\/\/linetchanvrebio.org\/index.php\/wp-json\/wp\/v2\/pages\/68766\/revisions"}],"predecessor-version":[{"id":69047,"href":"https:\/\/linetchanvrebio.org\/index.php\/wp-json\/wp\/v2\/pages\/68766\/revisions\/69047"}],"wp:attachment":[{"href":"https:\/\/linetchanvrebio.org\/index.php\/wp-json\/wp\/v2\/media?parent=68766"}],"curies":[{"name":"wp","href":"https:\/\/api.w.org\/{rel}","templated":true}]}}