{"id":67922,"date":"2022-10-28T15:23:25","date_gmt":"2022-10-28T14:23:25","guid":{"rendered":"https:\/\/linetchanvrebio.org\/?page_id=67922"},"modified":"2022-10-28T16:20:43","modified_gmt":"2022-10-28T15:20:43","slug":"lassociation","status":"publish","type":"page","link":"https:\/\/linetchanvrebio.org\/index.php\/lassociation\/","title":{"rendered":"L&rsquo;association"},"content":{"rendered":"\n<h2 class=\"alignwide has-text-color has-background wp-block-heading\" style=\"color:#fefdf2;background-color:#4a6e3c\">Cr\u00e9ation en Juin 2013<\/h2>\n\n\n\n<div class=\"wp-block-columns alignwide is-layout-flex wp-container-core-columns-is-layout-9d6595d7 wp-block-columns-is-layout-flex\">\n<div class=\"wp-block-column is-layout-flow wp-block-column-is-layout-flow\" style=\"flex-basis:66.66%\">\n<p><strong>L\u2019association Lin et Chanvre Bio a \u00e9t\u00e9 cr\u00e9\u00e9e en juin 2013, \u00e0 l\u2019initiative des producteurs et transformateurs de lin et de chanvre biologiques.<\/strong><\/p>\n\n\n\n<p>Elle dispose de trois coll\u00e8ges de membres&nbsp;:<\/p>\n\n\n\n<p>\u2192 Les agriculteurs en agriculture biologique ou en conversion<\/p>\n\n\n\n<p>\u2192 Les entreprises&nbsp; de transformation textile (coop\u00e9ratives et entreprises priv\u00e9es de teillage, filateurs, tisseurs\/tricoteurs, confectionneurs, \u2026.)<\/p>\n\n\n\n<p>\u2192 Les personnes de la soci\u00e9t\u00e9 civile, associations et les institutions partenaires.<\/p>\n<\/div>\n\n\n\n<div class=\"wp-block-column has-text-color is-layout-flow wp-block-column-is-layout-flow\" style=\"color:#fefdf2;flex-basis:33.33%\">\n<figure class=\"wp-block-gallery has-nested-images columns-default is-cropped wp-block-gallery-1 is-layout-flex wp-block-gallery-is-layout-flex\">\n<figure class=\"wp-block-image size-large\"><img loading=\"lazy\" decoding=\"async\" width=\"1024\" height=\"683\" data-id=\"67923\" src=\"https:\/\/linetchanvrebio.org\/wp-content\/uploads\/728-1-1024x683.jpg\" alt=\"\" class=\"wp-image-67923\" srcset=\"https:\/\/linetchanvrebio.org\/wp-content\/uploads\/728-1-1024x683.jpg 1024w, https:\/\/linetchanvrebio.org\/wp-content\/uploads\/728-1-300x200.jpg 300w, https:\/\/linetchanvrebio.org\/wp-content\/uploads\/728-1-150x100.jpg 150w, https:\/\/linetchanvrebio.org\/wp-content\/uploads\/728-1-768x512.jpg 768w, https:\/\/linetchanvrebio.org\/wp-content\/uploads\/728-1-1536x1024.jpg 1536w, https:\/\/linetchanvrebio.org\/wp-content\/uploads\/728-1-2048x1365.jpg 2048w\" sizes=\"auto, (max-width: 1024px) 100vw, 1024px\" \/><\/figure>\n<\/figure>\n<\/div>\n<\/div>\n\n\n\n<figure class=\"wp-block-gallery has-nested-images columns-default is-cropped wp-block-gallery-2 is-layout-flex wp-block-gallery-is-layout-flex\">\n<figure class=\"wp-block-image size-large\"><img loading=\"lazy\" decoding=\"async\" width=\"1024\" height=\"496\" data-id=\"1510\" src=\"https:\/\/linetchanvrebio.org\/wp-content\/uploads\/Troph\u00e9es-1024x496.png\" alt=\"\" class=\"wp-image-1510\" srcset=\"https:\/\/linetchanvrebio.org\/wp-content\/uploads\/Troph\u00e9es-1024x496.png 1024w, https:\/\/linetchanvrebio.org\/wp-content\/uploads\/Troph\u00e9es-300x145.png 300w, https:\/\/linetchanvrebio.org\/wp-content\/uploads\/Troph\u00e9es-768x372.png 768w, https:\/\/linetchanvrebio.org\/wp-content\/uploads\/Troph\u00e9es-600x291.png 600w, https:\/\/linetchanvrebio.org\/wp-content\/uploads\/Troph\u00e9es.png 1491w\" sizes=\"auto, (max-width: 1024px) 100vw, 1024px\" \/><\/figure>\n<\/figure>\n\n\n\n<h2 class=\"alignwide has-text-color has-background wp-block-heading\" style=\"color:#fefdf2;background-color:#4a6e3c\">Les objectifs de l&rsquo;association<\/h2>\n\n\n\n<figure class=\"wp-block-image alignwide size-full\"><img loading=\"lazy\" decoding=\"async\" width=\"2560\" height=\"1522\" src=\"https:\/\/linetchanvrebio.org\/wp-content\/uploads\/Mise-en-forme-de-texte-2-scaled.jpg\" alt=\"\" class=\"wp-image-67936\" srcset=\"https:\/\/linetchanvrebio.org\/wp-content\/uploads\/Mise-en-forme-de-texte-2-scaled.jpg 2560w, https:\/\/linetchanvrebio.org\/wp-content\/uploads\/Mise-en-forme-de-texte-2-300x178.jpg 300w, https:\/\/linetchanvrebio.org\/wp-content\/uploads\/Mise-en-forme-de-texte-2-1024x609.jpg 1024w, https:\/\/linetchanvrebio.org\/wp-content\/uploads\/Mise-en-forme-de-texte-2-150x89.jpg 150w, https:\/\/linetchanvrebio.org\/wp-content\/uploads\/Mise-en-forme-de-texte-2-768x456.jpg 768w, https:\/\/linetchanvrebio.org\/wp-content\/uploads\/Mise-en-forme-de-texte-2-1536x913.jpg 1536w, https:\/\/linetchanvrebio.org\/wp-content\/uploads\/Mise-en-forme-de-texte-2-2048x1217.jpg 2048w\" sizes=\"auto, (max-width: 2560px) 100vw, 2560px\" \/><\/figure>\n","protected":false},"excerpt":{"rendered":"<p>Cr\u00e9ation en Juin 2013 L\u2019association Lin et Chanvre Bio a \u00e9t\u00e9 cr\u00e9\u00e9e en juin 2013, \u00e0 l\u2019initiative des producteurs et transformateurs de lin et de chanvre biologiques. Elle dispose de trois coll\u00e8ges de membres&nbsp;: \u2192 Les agriculteurs en agriculture biologique ou en conversion \u2192 Les entreprises&nbsp; de transformation textile (coop\u00e9ratives et entreprises priv\u00e9es de teillage, &hellip; <a href=\"https:\/\/linetchanvrebio.org\/index.php\/lassociation\/\" class=\"more-link\">Continuer la lecture de <span class=\"screen-reader-text\">L&rsquo;association<\/span> <span class=\"meta-nav\">&rarr;<\/span><\/a><\/p>\n","protected":false},"author":31,"featured_media":0,"parent":0,"menu_order":0,"comment_status":"closed","ping_status":"closed","template":"","meta":{"footnotes":""},"class_list":["post-67922","page","type-page","status-publish","hentry"],"_links":{"self":[{"href":"https:\/\/linetchanvrebio.org\/index.php\/wp-json\/wp\/v2\/pages\/67922","targetHints":{"allow":["GET"]}}],"collection":[{"href":"https:\/\/linetchanvrebio.org\/index.php\/wp-json\/wp\/v2\/pages"}],"about":[{"href":"https:\/\/linetchanvrebio.org\/index.php\/wp-json\/wp\/v2\/types\/page"}],"author":[{"embeddable":true,"href":"https:\/\/linetchanvrebio.org\/index.php\/wp-json\/wp\/v2\/users\/31"}],"replies":[{"embeddable":true,"href":"https:\/\/linetchanvrebio.org\/index.php\/wp-json\/wp\/v2\/comments?post=67922"}],"version-history":[{"count":7,"href":"https:\/\/linetchanvrebio.org\/index.php\/wp-json\/wp\/v2\/pages\/67922\/revisions"}],"predecessor-version":[{"id":67938,"href":"https:\/\/linetchanvrebio.org\/index.php\/wp-json\/wp\/v2\/pages\/67922\/revisions\/67938"}],"wp:attachment":[{"href":"https:\/\/linetchanvrebio.org\/index.php\/wp-json\/wp\/v2\/media?parent=67922"}],"curies":[{"name":"wp","href":"https:\/\/api.w.org\/{rel}","templated":true}]}}