{"id":31,"date":"2016-01-04T15:49:25","date_gmt":"2016-01-04T14:49:25","guid":{"rendered":"http:\/\/linetchanvrebio.org\/?page_id=31"},"modified":"2025-12-17T12:53:57","modified_gmt":"2025-12-17T11:53:57","slug":"filiere-lin-textile","status":"publish","type":"page","link":"https:\/\/linetchanvrebio.org\/index.php\/filiere-lin-textile\/","title":{"rendered":"Fili\u00e8re lin textile bio"},"content":{"rendered":"<p>Pour vous renseigner sur la fili\u00e8re textile du lin en g\u00e9n\u00e9ral, rendez-vous sur le site de l&rsquo;<a href=\"https:\/\/allianceflaxlinenhemp.eu\/fr\">Alliance for European Flax-Linen and Hemp.<\/a><\/p>\n<h2>Valorisation \u00e9conomique du lin textile Bio : Une certaine disparit\u00e9<\/h2>\n<p>L&rsquo;exp\u00e9rience accumul\u00e9e depuis une dizaine d&rsquo;ann\u00e9es a montr\u00e9 des <b>rendements en paille (3,5 \u00e0 8 t\/ha) et en taux de filasse (15 \u00e0 30 %) similaires entre les agriculteurs bio et conventionnels d&rsquo;un m\u00eame terroir.<\/b> (rappel : le rendement c\u00e9r\u00e9ales en bio\u00a0 correspond \u00e0 50 \u00e0 60% du rendement c\u00e9r\u00e9ales en conventionnel). A qualit\u00e9 \u00e9quivalente, le prix pay\u00e9 \u00e0 l&rsquo;agriculteur pour la filasse de lin bio est sup\u00e9rieur d&rsquo;environ 0,5\u20ac \u00e0 1\u20ac\/kg de filasse, voire +30% par rapport au prix du lin conventionnel dans le meilleur des cas. Mais il y a une grande disparit\u00e9 de traitement selon les teilleurs.<\/p>\n<p>Certains teillages ont observ\u00e9 un risque sup\u00e9rieur de d\u00e9classement de la <b>qualit\u00e9 des filasses bio <\/b>en raison d&rsquo;un plus grand salissement des cultures, venant l\u00e9g\u00e8rement diminuer l&rsquo;avantage \u00e9conomique du bio, tandis que d&rsquo;autres ont au contraire observ\u00e9 des r\u00e9sultats qualitatifs et quantitatifs parfaitement identiques entre bio et conventionnel, notamment en raison d&rsquo;une facilit\u00e9 de rouissage li\u00e9e \u00e0 l&rsquo;absence d&rsquo;application de fongicides sur la plante.<\/p>\n<p>Les <b>\u00e9toupes de lin bio <\/b>sont g\u00e9n\u00e9ralement moins bien valoris\u00e9es qu&rsquo;en conventionnel en raison d&rsquo;un plus fort salissement. En revanche, les <b>graines de lin bio, destin\u00e9es \u00e0 l\u2019alimentation humaine, sont beaucoup mieux valoris\u00e9es <\/b>qu&rsquo;en conventionnel, ce qui peut contribuer \u00e0 am\u00e9liorer significativement la marge, surtout lorsqu&rsquo;on peut maximiser la r\u00e9colte de graines en \u00e9capsulant au champ. Les rendements graine en conduite bio sont de l\u2019ordre de 150 \u00e0 450 kg\/ha, en fonction des conditions de l&rsquo;ann\u00e9e et de l&rsquo;\u00e9capsulage (au teillage ou au champ). Toutefois, le manque de disponibilit\u00e9 du mat\u00e9riel d&rsquo;\u00e9capsulage ne permet pas la r\u00e9colte de graines au champ, chaque ann\u00e9e.<\/p>\n<h2><strong>La tra\u00e7abilit\u00e9\u00a0: les labels bio et GOTS<\/strong><\/h2>\n<p>La r\u00e9glementation europ\u00e9enne de l\u2019agriculture biologique couvre les produits agricoles destin\u00e9s \u00e0 l\u2019alimentation humaine mais ne\u00a0d\u00e9finit pas\u00a0les r\u00e8gles de\u00a0transformation en textiles.<\/p>\n<p>En l\u2019absence de r\u00e9glementation publique et pour conserver la tra\u00e7abilit\u00e9 biologique sur l\u2019ensemble de la fili\u00e8re textile, il existe\u00a0diff\u00e9rentes marques et d\u00e9marches priv\u00e9es aux exigences sp\u00e9cifiques.<\/p>\n<p><img loading=\"lazy\" decoding=\"async\" class=\"aligncenter\" src=\"https:\/\/www.suitable.fr\/blog\/wp-content\/uploads\/2024\/11\/GOTS-logo.png\" alt=\"Tout ce que vous devez savoir sur le label de qualit\u00e9 GOTS ...\" width=\"204\" height=\"189\" \/>Le cahier des charges GOTS (Global Organic Textile Standard) permet de certifier un tissu biologique issu de la fibre de lin biologique, depuis les mati\u00e8res premi\u00e8res jusqu\u2019au produit fini. Il concerne aussi les autres fibres textiles pouvant \u00eatre produites en agriculture biologique (chanvre, coton, laines\u2026).<\/p>\n<p>Au pr\u00e9alable, la culture du lin doit \u00eatre certifi\u00e9e en agriculture biologique suivant le cahier des charges europ\u00e9en (R\u00e8glement (CE) N\u00b0834\/2007).<\/p>\n<p>L\u2019ensemble des \u00e9tapes de transformation sont r\u00e9gies par le r\u00e9f\u00e9rentiel GOTS, qui int\u00e8gre aussi des crit\u00e8res de responsabilit\u00e9 environnementale et sociale. Il encadre l\u2019\u00e9tiquetage des produits afin de garantir la tra\u00e7abilit\u00e9 pour les professionnels et les consommateurs. Chaque entreprise intervenant dans la fili\u00e8re se doit d\u2019\u00eatre contr\u00f4l\u00e9e par un organisme certificateur ind\u00e9pendant. En France, l\u2019organisme ECOCERT d\u00e9livre la certification GOTS, treize autres organismes le font \u00e0 travers le monde.<\/p>\n<p><u>Labels GOTS des produits finis\u00a0:<br \/>\n<\/u>Le Label \u00ab\u00a0Textiles Biologiques\u00a0\u00bb impose que le textile int\u00e8gre au moins 95% de fibres issues de l\u2019agriculture biologique et au maximum 5% de fibres synth\u00e9tiques ou artificielles.<\/p>\n<p>Le Label \u00ab\u00a0Textiles \u00e0 base de fibres biologiques\u00a0\u00bb impose un minimum de 70% de fibres biologiques, et n\u2019autorise pas plus de 10% de fibres synth\u00e9tiques ou artificielles, jusqu\u2019\u00e0 25% pour les articles chaussants ou de sport.<\/p>\n<p><strong><em>plus d&rsquo;infos\u00a0 :<br \/>\n<a href=\"http:\/\/www.global-standard.org\/\">http:\/\/www.global-standard.org\/<\/a><\/em><\/strong><\/p>\n<h2><strong>Teillage\u00a0: obtenir de la filasse bio de qualit\u00e9<a href=\"http:\/\/linetchanvrebio.org\/wp-content\/uploads\/2016\/01\/P1000271.jpg\"><img loading=\"lazy\" decoding=\"async\" class=\" wp-image-190 alignright\" src=\"http:\/\/linetchanvrebio.org\/wp-content\/uploads\/2016\/01\/P1000271.jpg\" alt=\"p1000271\" width=\"247\" height=\"186\" srcset=\"https:\/\/linetchanvrebio.org\/wp-content\/uploads\/2016\/01\/P1000271.jpg 4000w, https:\/\/linetchanvrebio.org\/wp-content\/uploads\/2016\/01\/P1000271-300x225.jpg 300w, https:\/\/linetchanvrebio.org\/wp-content\/uploads\/2016\/01\/P1000271-768x576.jpg 768w, https:\/\/linetchanvrebio.org\/wp-content\/uploads\/2016\/01\/P1000271-1024x768.jpg 1024w, https:\/\/linetchanvrebio.org\/wp-content\/uploads\/2016\/01\/P1000271-600x450.jpg 600w\" sizes=\"auto, (max-width: 247px) 100vw, 247px\" \/> <\/a><\/strong><\/h2>\n<p>De plus en plus d&rsquo;unit\u00e9s de teillage sont certifi\u00e9es GOTS\u00a0pour teiller la paille de lin biologique et fournir de la filasse (fibres longues teill\u00e9es) ou du ruban (filasse peign\u00e9e) de lin bio aux peignages et filatures.<br \/>\nLes teillages certifi\u00e9s en France sont :<\/p>\n<ul>\n<li>Terre De Lin (27-76-80)<\/li>\n<li>ETS DEVOGELE (77)<\/li>\n<li>S.C.A Teillage du Plateau du Neubourg (27)<\/li>\n<li>Le Vert Galant (76)<\/li>\n<li>Opalin (62)<\/li>\n<li>CALIRA (80)<\/li>\n<li>La Lini\u00e8re du Nord de Caen (14)<\/li>\n<li>Depestele (14)<\/li>\n<li>Le Lin Fran\u00e7ais (02)<\/li>\n<li>L.A Lini\u00e8re (59)<\/li>\n<li>SCA Lin 2000 (60)<\/li>\n<\/ul>\n<p>Toutefois, m\u00eame non certifi\u00e9s, des teilleurs r\u00e9ceptionnent le lin de producteurs en agriculture biologique et le font teiller sur des unit\u00e9s de teillage certifi\u00e9es.<\/p>\n<p><strong>Filature : peigner, m\u00e9langer, \u00e9tirer et tordre les filasses pour obtenir un fil<\/strong><strong><br \/>\n<\/strong>La filature des fibres longues du lin\u00a0utilise un proc\u00e9d\u00e9 sp\u00e9cifique dit \u00ab\u00a0au mouill\u00e9\u00a0\u00bb tr\u00e8s diff\u00e9rent des filatures de laine, de coton ou de fibres synth\u00e9tiques.<\/p>\n<p>D\u00e9but 2018, 2 filatures de lin europ\u00e9ennes (proc\u00e9d\u00e9 \u00ab\u00a0au mouill\u00e9\u00a0\u00bb sp\u00e9cifique au lin), sont certifi\u00e9es GOTS pour filer les lins biologiques cultiv\u00e9s en France :<\/p>\n<ul>\n<li><a href=\"http:\/\/safilin.fr\/\">Safilin (Fr)<\/a><\/li>\n<li><a href=\"http:\/\/linificio.it\/\">Linificio (It)<\/a><\/li>\n<\/ul>\n<h3><strong>Relocalisation de la fili\u00e8re textile<\/strong><\/h3>\n<p>En 2019, des acteurs de la fili\u00e8re ont lanc\u00e9 le projet <a href=\"http:\/\/www.linpossible.fr\/\">LinPossible<\/a> dans l&rsquo;objectif de relocaliser un outil de filature du lin en France.\u00a0 <span style=\"display: inline !important; float: none; background-color: #ffffff; color: #141412; cursor: text; font-family: 'Source Sans Pro',Helvetica,sans-serif; font-size: 16px; font-style: normal; font-variant: normal; font-weight: 400; letter-spacing: normal; orphans: 2; text-align: left; text-decoration: none; text-indent: 0px; text-transform: none; -webkit-text-stroke-width: 0px; white-space: normal; word-spacing: 0px;\">Les initiateurs de ce projet sont : Terre de lin, Safilin, les confectionneurs Dao Davy, LINPortant et les marques 1083 et Splice ainsi que l&rsquo;association Lin et Chanvre Bio. <\/span><a href=\"http:\/\/linetchanvrebio.org\/index.php\/2020\/05\/22\/linpossible\/\"> Comment fonctionne le projet\u00a0?<\/a><\/p>\n<p>D\u00e9but 2020, Christian Didier et Pierre Schmitt dirigeants du tissage <a href=\"http:\/\/emanuel-lang.fr\/\">Emanuel Lang<\/a>, mettent en route une filature de lin selon le proc\u00e9d\u00e9 \u00ab\u00a0\u00e0 sec\u00a0\u00bb en Alsace. Cette \u00e9tape de relocalisation est tr\u00e8s encourageante pour la fili\u00e8re. <a href=\"http:\/\/emanuel-lang.fr\/le-lin-normand-retrouve-en-alsace-le-chemin-de-la-filature-et-du-tissage\/\">En savoir plus<\/a><\/p>\n<p>En m\u00eame temps \u00e0 l&rsquo;ouest, en Normandie, est cr\u00e9\u00e9e la Soci\u00e9t\u00e9 Coop\u00e9rative d&rsquo;Int\u00e9r\u00eat Collectif <a href=\"https:\/\/linportant.fr\/\"><strong>LINPORTANT<\/strong><\/a>, unit\u00e9 industrielle de tricotage de T-shirts en lin bio, pr\u00e8s de Caen. Le v\u00eatement en lin bio, \u00e9thique et local !<\/p>\n<p>L&rsquo;ann\u00e9e 2022 a vu l&rsquo;ouverture de deux filatures en France : La French Filature (27), du groupe Nat&rsquo;Up et celle de l&rsquo;entreprise SAFILIN \u00e0 B\u00e9thune (59).<\/p>\n<p>Un projet de filature, LINfini, est \u00e9galement en gestation en Bretagne. Ouverture pr\u00e9vue en 2026 !<\/p>\n","protected":false},"excerpt":{"rendered":"<p>Pour vous renseigner sur la fili\u00e8re textile du lin en g\u00e9n\u00e9ral, rendez-vous sur le site de l&rsquo;Alliance for European Flax-Linen and Hemp. Valorisation \u00e9conomique du lin textile Bio : Une certaine disparit\u00e9 L&rsquo;exp\u00e9rience accumul\u00e9e depuis une dizaine d&rsquo;ann\u00e9es a montr\u00e9 des rendements en paille (3,5 \u00e0 8 t\/ha) et en taux de filasse (15 \u00e0 &hellip; <a href=\"https:\/\/linetchanvrebio.org\/index.php\/filiere-lin-textile\/\" class=\"more-link\">Continuer la lecture de <span class=\"screen-reader-text\">Fili\u00e8re lin textile bio<\/span> <span class=\"meta-nav\">&rarr;<\/span><\/a><\/p>\n","protected":false},"author":31,"featured_media":0,"parent":0,"menu_order":0,"comment_status":"closed","ping_status":"closed","template":"","meta":{"footnotes":""},"class_list":["post-31","page","type-page","status-publish","hentry"],"_links":{"self":[{"href":"https:\/\/linetchanvrebio.org\/index.php\/wp-json\/wp\/v2\/pages\/31","targetHints":{"allow":["GET"]}}],"collection":[{"href":"https:\/\/linetchanvrebio.org\/index.php\/wp-json\/wp\/v2\/pages"}],"about":[{"href":"https:\/\/linetchanvrebio.org\/index.php\/wp-json\/wp\/v2\/types\/page"}],"author":[{"embeddable":true,"href":"https:\/\/linetchanvrebio.org\/index.php\/wp-json\/wp\/v2\/users\/31"}],"replies":[{"embeddable":true,"href":"https:\/\/linetchanvrebio.org\/index.php\/wp-json\/wp\/v2\/comments?post=31"}],"version-history":[{"count":35,"href":"https:\/\/linetchanvrebio.org\/index.php\/wp-json\/wp\/v2\/pages\/31\/revisions"}],"predecessor-version":[{"id":68973,"href":"https:\/\/linetchanvrebio.org\/index.php\/wp-json\/wp\/v2\/pages\/31\/revisions\/68973"}],"wp:attachment":[{"href":"https:\/\/linetchanvrebio.org\/index.php\/wp-json\/wp\/v2\/media?parent=31"}],"curies":[{"name":"wp","href":"https:\/\/api.w.org\/{rel}","templated":true}]}}